 + 9*i - 8*i + 226, 3*p + 2*i - 346 = 0. Let h be p/8 + ((-7)/28 - 0). What is the greatest common factor of 56 and h?
14
Let i(r) = -3*r - 19. Let t be i(-5). Let k = 8 + t. Let v be 240/18 + 8/(-6). Calculate the greatest common divisor of k and v.
4
Let b(p) = p**3 - 11*p**2 - 17*p + 24. Let x = -203 + 216. Let o be b(x). What is the highest common factor of o and 188?
47
Let j be ((-8)/10)/((-26)/10 + 3). Let t(o) = -3*o**3 - 4*o**2 - o + 2. Let r be t(j). Calculate the highest common factor of r and 8.
4
Let i(h) = 2*h - 19. Let n be i(8). Let r be 3/2*-4*40/n. Calculate the greatest common factor of r and 30.
10
Let a = -67 + 177. Let f(j) = j**3 - 18*j**2 + 19*j - 25. Let n be f(17). Let p be (-68)/(-3) + -3 + 21/n. What is the greatest common divisor of p and a?
22
Let r(o) be the first derivative of -1/3*o**3 + 6*o**2 + 2*o - 10. Let w be r(10). What is the greatest common factor of 22 and w?
22
Let j = 9 - -1. Suppose 0*i + 103 = 2*i + 3*g, -53 = -i - 3*g. What is the greatest common factor of j and i?
10
Let h(w) = -w**2 + 7*w. Let b be h(5). Let x(v) = v**3 + 146*v**2 - 445*v + 302. Let a be x(-149). What is the highest common factor of b and a?
2
Suppose -5*k + 2*l = -2804, 2*l = 4*k - 7*k + 1676. Let i = k - 546. What is the highest common divisor of 14 and i?
14
Suppose 4*s - 12 = 3*s. Suppose -23 = -5*c + 10*n - 6*n, 5*n - 1 = 2*c. Let y(m) = 27*m - 185. Let q be y(c). What is the highest common divisor of q and s?
4
Let k(i) = -i**2 + 11*i + 243. Let y be k(21). Suppose 2300 = y*j - 2980. Calculate the highest common divisor of 120 and j.
40
Suppose 0 = -265*p + 230*p + 204120. Calculate the highest common divisor of 144 and p.
72
Suppose 0 = 23*a - 5*a - 918. Suppose a*b = 59*b - 952. Calculate the greatest common divisor of 102 and b.
17
Suppose -2*h - 1 + 43 = 0. Let t be h/(-18)*-10 - 10/(-30). Calculate the highest common divisor of t and 36.
12
Let y = 3689 - 3401. Let g = -167 + 257. Calculate the greatest common factor of y and g.
18
Suppose -23*m - 160 = -712. What is the greatest common divisor of m and 2508?
12
Suppose -2*w + 6 = 0, 3*m - 6*m + 24 = 5*w. Suppose 3*a = -m*g - 99, -2*a - 27 = 5*g + 153. Let u = g - -39. Calculate the highest common divisor of u and 11.
1
Let v be ((21 + -2)*1)/(194 - 193). What is the highest common factor of v and 361?
19
Let n = 52 + -55. Let j be 0 + n + (-28)/20*-5. Calculate the highest common divisor of 76 and j.
4
Suppose -12*o - 7*o = 0. Suppose o = -j - 2*q - q + 334, j - 310 = 3*q. What is the highest common factor of j and 46?
46
Let m = -305 - -303. Let c be 2 + (-4)/m - (-1 - 31). Calculate the highest common divisor of 16 and c.
4
Let b = 2442 - 568. Let m = b - 1051. Let s = m + -543. What is the greatest common divisor of s and 40?
40
Suppose 132*s - 37750 = -3298. What is the greatest common factor of 63 and s?
9
Suppose -4 = -4*i, -i + 2*i - 51 = -5*n. Suppose -5*g + 20 = 0, 5*x = x + 4*g + 284. Suppose -2*r = 3*r - x. Calculate the greatest common divisor of r and n.
5
Let b be (-18)/(-4)*(-4)/(-3). Suppose 0 = -55*o + 143 + 22. Suppose 0 = -o*p + b + 12. What is the greatest common divisor of p and 54?
6
Let f be (-1 + 53)/((79288/(-595))/(-22) - 6). Calculate the highest common divisor of 78 and f.
26
Let f(k) = -4*k + 11. Let b be f(2). Let u be -6 + 20/6*b. What is the highest common divisor of u and 36?
4
Suppose 3406 = -55*g + 88766. Calculate the highest common factor of 24 and g.
8
Let v = 80 + -76. Suppose -22*t = -19*t + 21. Let g = -1 - t. What is the highest common divisor of g and v?
2
Let z = -567 + 248. Let q = z + 839. Calculate the greatest common divisor of q and 20.
20
Let t(a) = 2*a**2 + 18*a + 88. Let o be t(18). What is the greatest common divisor of 1378 and o?
106
Let l(w) = 3*w**3 + 14*w**2 - 31*w - 35. Let c be l(-6). Let s be 6/3 + -3 + 36. What is the highest common factor of c and s?
7
Let g be ((-248)/6)/(47/(-2256)). Calculate the highest common divisor of g and 124.
124
Suppose b = -7*k + 2*k + 695, 4*k = 5*b + 527. Calculate the highest common factor of 66 and k.
6
Suppose 5*i - 2156 = 4*u, -1089 = -3*i - u + 208. Let m = i - 288. Calculate the highest common divisor of m and 54.
18
Let i = -39 - -66. Let t(k) = 2*k**2 + 6*k - 9. Let x be t(3). What is the highest common factor of i and x?
27
Let t = -11 + 25. Suppose 2*d + 2 = -4*x - 2, 5*d + x + 37 = 0. Let i be ((-294)/(-4))/((-6)/d). Calculate the greatest common factor of i and t.
14
Let t = 4969 - 4281. What is the greatest common factor of 645 and t?
43
Suppose 313 = 2*q - t, -3*q - 37*t + 36*t = -467. What is the highest common divisor of q and 1053?
39
Let a be (-11)/(-2) + 12/8. Suppose -3*y - 5*l = -a*l + 101, -4*y - l - 131 = 0. Let k = y - -103. Calculate the highest common divisor of k and 14.
14
Suppose 0 = -3*g + 3*o + 3552, -4*o = -3*g + 710 + 2838. What is the greatest common divisor of 264 and g?
132
Suppose 29*w - 36*w = -112. Suppose w*q = q + 6045. Calculate the greatest common factor of q and 31.
31
Let s be 2/(-6) - (-278)/6. Let l be (-1211)/(-42)*-3*-2 - (-24 - -13). Calculate the highest common divisor of l and s.
46
Let y(r) = 25*r + 290. Let g be y(-10). Suppose -h + 3*h = 60. Calculate the greatest common divisor of h and g.
10
Let u(f) = 6*f**2 + 1. Let n be u(-1). Let b = 297323 - 297309. What is the greatest common divisor of b and n?
7
Suppose 3*a - 89 = -c, -2*a + 4*c = -3*a + 26. Let v = -458 + 364. Let j = v + 104. Calculate the highest common divisor of a and j.
10
Let p be 1 + (-8)/(-6)*663/(-34). Let z = p + 32. Let t(r) = 2*r + 2. Let k be t(6). Calculate the highest common divisor of k and z.
7
Let p be 4/(-20) - ((-504)/20)/1. Let k = p + -17. Let w be (15 + -7)*6/k. What is the greatest common divisor of w and 6?
6
Let s be 1/(-3*(-4)/24) - -8. Suppose 0 = -9*h + s*h - 88. Let c be (18 - 0)*(h/12 - 7). What is the greatest common divisor of c and 4?
2
Suppose n - 1156 = -4*c, 3*c = 28*n - 23*n - 5780. Calculate the highest common divisor of n and 12.
4
Suppose 0 = 6*y + 346 - 358. Suppose -5*c + 226 = -4*g, -8 = -c + y*g + 42. Calculate the highest common divisor of c and 14.
14
Let a be ((-4)/26)/1 + 150/130. Let q be a/(-2)*(-2 - -2). Suppose d - 89 - 139 = q. Calculate the highest common divisor of 12 and d.
12
Suppose 594*s - 82*s - 42720 = -22*s. Let g(v) = v**2 - 3*v - 8. Let f be g(7). Calculate the highest common divisor of s and f.
20
Let i(s) = 3*s**2 + 178*s + 4052. Let o be i(-59). What is the highest common factor of o and 66?
33
Let z = 245 - 110. Let l be (z/(-10))/((-6)/272). Calculate the greatest common divisor of l and 68.
68
Suppose 11122 = 2*w - 2*o, -201*w + 200*w - 2*o = -5576. Calculate the highest common factor of w and 92.
46
Let m be (-132)/(-45)*(-1155)/(-154). Let a be (-10)/(-4)*268/2. Let c = a + -181. Calculate the greatest common factor of m and c.
22
Suppose 5*a = 3*q - 925, 2*a = q + 6*q - 2110. Calculate the highest common factor of 2580 and q.
60
Let l = -22 - -38. Suppose 3*j - 36 = 4*m - 129, -4*j + 28 = m. What is the highest common factor of m and l?
8
Let z be (-501)/(-2) - ((-4959)/38)/29. Calculate the greatest common factor of z and 680.
85
Let h(b) = b**2 + 8*b + 81. Let s be h(18). What is the highest common factor of 18 and s?
9
Suppose 0 = -29*i + 19*i + 2500. Calculate the highest common divisor of 200 and i.
50
Suppose -12*d = -13*d + i + 55, 4*i + 108 = 2*d. Calculate the highest common factor of d and 264.
8
Let w(c) = 57*c - 69. Let t be w(2). Let j = -124 + 244. What is the highest common factor of j and t?
15
Suppose -r - 9*t + 6*t - 89 = 0, 0 = -2*r - 2*t - 186. Let a be ((-7752)/r)/(3/10). Calculate the highest common factor of a and 32.
16
Suppose -35*w + 230*w - 40431 = -3771. Let g = 32 - -15. What is the highest common factor of g and w?
47
Let y = -6545 + 6561. What is the greatest common divisor of 664 and y?
8
Suppose 4*s = -0 - 8, -4*s - 14 = -3*z. Suppose -z*f = u - 35, -u - 40 = -f + 3*u. Suppose -2 = 3*v - f. What is the highest common divisor of v and 66?
6
Let p(h) = -23*h**3 + 4*h**2 + 117*h + 343. Let j be p(-3). What is the highest common factor of 177 and j?
59
Suppose 3*n + 628 = 2*j + 394, 3*j - 351 = -4*n. What is the greatest common divisor of 2808 and j?
11